the prime factors of 140162829?
3, 19, 29, 84793
List the prime factors of 4873443972.
2, 3, 139, 2921729
What are the prime factors of 113608240?
2, 5, 991, 1433
What are the prime factors of 68576133?
3, 23, 37, 26861
List the prime factors of 889816312.
2, 7, 11, 17, 31, 2741
List the prime factors of 722107362.
2, 3, 1069, 112583
What are the prime factors of 103600231?
7, 14800033
List the prime factors of 54793788.
2, 3, 7, 17, 38371
What are the prime factors of 158129072?
2, 9883067
What are the prime factors of 46346359?
41, 131, 8629
What are the prime factors of 1442120750?
2, 5, 7, 824069
List the prime factors of 1561438614.
2, 3, 163, 1596563
List the prime factors of 1533011343.
3, 37, 151, 91463
What are the prime factors of 95419815?
3, 5, 59, 137, 787
List the prime factors of 76241170.
2, 5, 7624117
What are the prime factors of 369627345?
3, 5, 17, 103, 4691
What are the prime factors of 44005263?
3, 181, 81041
List the prime factors of 93622111.
11, 17, 107, 4679
What are the prime factors of 456996214?
2, 228498107
List the prime factors of 53869119.
3, 89, 201757
What are the prime factors of 93324307?
93324307
What are the prime factors of 262062339?
3, 7, 11, 43, 3769
What are the prime factors of 4096512861?
3, 7, 67, 2911523
What are the prime factors of 565895624?
2, 7, 1231, 8209
What are the prime factors of 32482887?
3, 10827629
List the prime factors of 582511137.
3, 13, 17, 101, 8699
List the prime factors of 938641635.
3, 5, 1493, 4657
What are the prime factors of 252422710?
2, 5, 4691, 5381
List the prime factors of 716317719.
3, 13, 29, 127, 4987
What are the prime factors of 28646023?
7, 53, 77213
List the prime factors of 162846884.
2, 4517, 9013
List the prime factors of 132911504.
2, 11, 41, 113, 163
List the prime factors of 358971121.
358971121
What are the prime factors of 111579500?
2, 5, 17, 13127
What are the prime factors of 1651524058?
2, 17, 48574237
List the prime factors of 286586733.
3, 95528911
What are the prime factors of 5907450589?
5907450589
List the prime factors of 247479767.
241, 1026887
List the prime factors of 669422422.
2, 12377, 27043
What are the prime factors of 247229979?
3, 277, 297509
List the prime factors of 3155475794.
2, 43, 1447, 25357
What are the prime factors of 6179430398?
2, 109, 28346011
What are the prime factors of 114756749?
17, 6750397
List the prime factors of 54701681.
67, 816443
List the prime factors of 3612682.
2, 1806341
What are the prime factors of 420922575?
3, 5, 109, 1907
List the prime factors of 131487247.
29, 47, 96469
What are the prime factors of 33511319?
43, 479, 1627
List the prime factors of 15561758.
2, 151, 227
List the prime factors of 1575527581.
17, 61, 1519313
What are the prime factors of 118304822?
2, 73, 810307
List the prime factors of 134508722.
2, 239, 439, 641
What are the prime factors of 485475879?
3, 7, 3302557
List the prime factors of 649869997.
7, 83, 159791
What are the prime factors of 3560466207?
3, 2837, 418337
What are the prime factors of 1413504374?
2, 706752187
What are the prime factors of 4878632?
2, 11, 55439
What are the prime factors of 2495456674?
2, 67, 73, 255107
What are the prime factors of 1824899210?
2, 5, 79, 2309999
What are the prime factors of 1252143706?
2, 11, 61, 97, 9619
List the prime factors of 68137642.
2, 34068821
List the prime factors of 48372620.
2, 5, 41, 58991
List the prime factors of 130673678.
2, 19, 3438781
List the prime factors of 2580746584.
2, 13, 24814871
List the prime factors of 121909479.
3, 1823, 22291
List the prime factors of 993597066.
2, 3, 7, 11, 65171
List the prime factors of 53920192.
2, 17, 49559
What are the prime factors of 61736968?
2, 23, 335527
List the prime factors of 358055045.
5, 227, 315467
What are the prime factors of 61051823?
7, 857, 10177
What are the prime factors of 33677513?
33677513
List the prime factors of 122519829.
3, 389, 104987
What are the prime factors of 1096453590?
2, 3, 5, 17, 2149909
List the prime factors of 153853593.
3, 167, 307093
List the prime factors of 149219676.
2, 3, 17, 23, 10601
List the prime factors of 159555649.
11, 14505059
List the prime factors of 1047000881.
1047000881
List the prime factors of 31977423.
3, 43, 9181
List the prime factors of 30888458.
2, 173, 89273
What are the prime factors of 102973543?
6977, 14759
What are the prime factors of 34603413?
3, 13, 887267
What are the prime factors of 234681918?
2, 3, 2411, 16223
What are the prime factors of 24460465?
5, 359, 13627
What are the prime factors of 297495603?
3, 223, 148229
List the prime factors of 185719485.
3, 5, 7, 1768757
List the prime factors of 1102511598.
2, 3, 183751933
List the prime factors of 274592383.
13, 1624807
What are the prime factors of 2030987733?
3, 676995911
List the prime factors of 176881648.
2, 1091, 10133
What are the prime factors of 818146856?
2, 102268357
List the prime factors of 15439216.
2, 13, 199, 373
What are the prime factors of 23810754?
2, 3, 11, 360769
What are the prime factors of 752900636?
2, 83, 2267773
List the prime factors of 1393079680.
2, 5, 59, 79, 467
List the prime factors of 825052171.
1201, 686971
List the prime factors of 757602964.
2, 47, 4029803
What are the prime factors of 265880150?
2, 5, 37, 143719
What are the prime factors of 17794649?
17794649
What are the prime factors of 53573990?
2, 5, 53, 271, 373
What are the prime factors of 1889841793?
7, 61, 173, 25583
What are the prime factors of 110932295?
5, 3229, 6871
List the prime factors of 94240089.
3, 2903, 3607
What are the prime factors of 11772123?
3, 11, 356731
List the prime factors of 1900621542.
2, 3, 233, 1359529
List the prime factors of 552702622.
2, 276351311
List the prime factors of 53267213.
61, 151, 5783
List the prime factors of 2418802070.
2, 5, 241880207
What are the prime factors of 369200191?
19, 241, 80629
List the prime factors of 1380820719.
3, 59, 7801247
List the prime factors of 14983890.
2, 3, 5, 37, 13499
List the prime factors of 4391644178.
2, 149, 14737061
List the prime factors of 92946018.
2, 3, 11, 67, 21019
What are the prime factors of 46211180?
2, 5, 2310559
List the prime factors of 4891397860.
2, 5, 244569893
List the prime factors of 1250964887.
3557, 351691
List the prime factors of 3402986372.
2, 2549, 333757
What are the prime factors of 2499157665?
3, 5, 41, 451519
List the prime factors of 3095662742.
2, 19, 709, 114901
List the prime factors of 2867930.
2, 5, 13, 1697
What are the prime factors of 42408763?
4799, 8837
List the prime factors of 128286872.
2, 7, 521, 4397
List the prime factors of 30511800.
2, 3, 5, 11, 23, 67
What are the prime factors of 19857159?
3, 7, 315193
List the prime factors of 2491465895.
5, 197, 269, 9403
What are the prime factors of 406165791?
3, 135388597
List the prime factors of 162489372.
2, 3, 2371, 5711
List the prime factors of 735451631.
397, 1852523
List the prime factors of 664322786.
2, 4507, 73699
List the prime factors of 34550674.
2, 37, 139, 3359
What are the prime factors of 6747255?
3, 5, 149939
List the prime factors of 771459809.
521, 547, 2707
List the prime factors of 3206613844.
2, 7, 53, 157, 13763
What are the prime factors of 253344052?
2, 13, 4872001
List the prime factors of 649275805.
5, 97, 257, 5209
List the prime factors of 34772339.
7, 47, 105691
List the prime factors of 42230963.
4157, 10159
List the prime factors of 73014046.
2, 7, 113, 46153
What are the prime factors of 71852980?
2, 5, 3592649
What are the prime factors of 280868614?
2, 13, 41, 173, 1523
List the prime factors of 1836764920.
2, 5, 1697, 27059
List the prime factors of 490779211.
13, 37, 78487
List the prime factors of 2154195027.
3, 79785001
What are the prime factors of 2717209?
11, 19, 13001
What are the prime factors of 38127817?
7, 13, 418987
List the prime factors of 5978633051.
5978633051
What are the prime factors of 186343777?
167, 1115831
List the prime factors of 38770651.
29, 1336919
What are the prime factors of 3150642406?
2, 31, 50816813
List the prime factors of 18001116.
2, 3, 7, 7937
List the prime factors of 5234521.
17, 367, 839
What are the prime factors of 70238?
2, 7, 29, 173
What are the prime factors of 104484400?
2, 5, 23, 41, 277